 o(l) = l**3 - 4*l**2 + 3*l - 1. Suppose -15 = 3*n, -2*n + 28 = 3*u - 4*n. Let i be (8/u)/(8/12). Determine o(i).
-3
Suppose 1 - 4 = -z. Let n(j) be the second derivative of j**3/2 - 2*j**2 + 2*j. What is n(z)?
5
Let h(z) be the first derivative of z**4/12 - 3*z**2/2 - 2*z + 7. Let i(v) be the first derivative of h(v). Determine i(3).
6
Let i(p) = 14*p**3 + 1. Suppose -3*u + 3 = 9. Let h be ((3 - -2) + -3)/u. What is i(h)?
-13
Suppose 3*h = 4*c - 2 - 16, h = 4*c - 14. Let a(f) = -3 - f + 0 + c*f. Let b(q) = q + 14. Let x be b(-11). Give a(x).
3
Let d(v) = 8*v**2 + 2*v + 1. Let z(j) = 17*j**2 + 4*j + 3. Let u(q) = 5*d(q) - 2*z(q). Give u(1).
7
Let x(s) = -3*s. Let r(q) = -q**3 - 3*q**2 - 3*q. Let n be r(-2). Let j(o) = 9*o - 1. Let t(y) = n*j(y) + 7*x(y). What is t(2)?
-8
Suppose -y - 1 = -3. Suppose -y = -7*b + 5*b. Let s(o) = 4*o**2 + 6*o - 6. Let c(z) = -z**2 - z + 1. Let w(m) = b*s(m) + 5*c(m). Calculate w(1).
-1
Let q(o) = o**2 - 2*o - 2. Let c be q(4). Suppose f - 25 = c*f. Let m(k) = k**3 + 6*k**2 + 3*k + 2. What is m(f)?
12
Let c = -75 + 68. Let z(o) = 2*o + 6. Calculate z(c).
-8
Let s(u) = -4*u - 9*u + 3 - 2 + u**2 + 3*u**2. Let o(n) = 6*n**2 - 20*n + 1. Let q be 38/5 + (-4)/(-10). Let x(f) = q*s(f) - 5*o(f). What is x(2)?
3
Let c(t) = t**3 + 6*t**2 - 6*t. Suppose -p + 18 = -5*u, 4*p = -u + 3*u - 18. Give c(p).
-7
Let z(f) = 1 + 38*f + f**2 - 21*f - 22*f. Let o be 2/(-8) - 2/(-8). Suppose o = -5*g - 5 + 25. Give z(g).
-3
Let j(k) = k - 7 - 6 + 8. Calculate j(5).
0
Let z(v) = 2 - 6*v**2 + 0 - 3. Suppose -a = -5*q - 8, -a = 5*q + 3 + 9. Let r be -2*(-1 - q/4). Give z(r).
-7
Let n be 2 + -1 - 7/(-7). Let o(z) = -n*z + 0*z + 2 + 0*z - 1. What is o(3)?
-5
Let x(m) = m**2 + 2*m + 3. Let s(j) = j**3 + 7*j**2 + 7*j + 7. Let p be s(-6). Suppose 13 = -4*t + p. Give x(t).
6
Let i(s) = -s**2 + 6*s + 2. Let b be i(6). Suppose -2*h = b*h. Let m(j) = -j + 1. Give m(h).
1
Suppose d = 3*d. Let x(w) be the third derivative of 0 - 2*w**2 + 1/60*w**5 + 1/120*w**6 + 1/24*w**4 + 0*w + 1/2*w**3. Calculate x(d).
3
Let f = -37 + 35. Let w(y) = -5*y - 1. Determine w(f).
9
Let d(n) = 5 - 4 - n + 1. What is d(0)?
2
Let p be -2 + 1 - (-1 - -2). Let z be (2 + (0 - 1))*p. Let d(a) = -4*a - 2. What is d(z)?
6
Let u(m) be the second derivative of -m**5/60 + 5*m**4/24 - m**3/3 - 5*m**2/2 - 2*m. Let d(l) be the first derivative of u(l). Calculate d(5).
-2
Let i(q) be the first derivative of -q**2 - 1. Let h be 4/(-18) + (-116)/(-36). Suppose -4*t + 16 = b + 3*b, 0 = h*t + b - 10. Calculate i(t).
-6
Let d(f) be the first derivative of -f**2 + f + 7. Determine d(-2).
5
Let u(o) be the third derivative of -o**6/120 - o**5/15 - o**4/8 - o**3 + 2*o**2. Determine u(-4).
6
Let w(s) be the third derivative of -7*s**5/60 - s**3/6 + 3*s**2. Let j(c) = 2*c - 5. Let q be j(4). Suppose q*p = -p + 4. Give w(p).
-8
Let x(u) = -3*u + 1 + 0*u + 1 + 2*u. Determine x(0).
2
Let d(a) = -a**2 - 3*a - 4. Let v be 30/(-4)*4/(-6). Suppose 9 = -v*r + 2*r. Let c be -1 + r*(1 - 0). Calculate d(c).
-8
Let f(o) = o**2 - 7*o + 3. Let x be f(7). Suppose -5*k + x = -27. Let z(t) = 0*t**3 - 3*t**3 - 6*t**2 + 1 + t**2 + 4*t**3 - 5*t. Give z(k).
7
Let o(s) = -s**3 + 9*s**2 - 7*s - 11. Let y be o(8). Let u(t) = -3*t + 1. Give u(y).
10
Let v(z) = 26*z**3 - 1 - 16*z**3 + 3*z**2 + 0 - z - 9*z**3. What is v(-2)?
5
Let q(y) be the first derivative of y**4/4 + 2*y**3 - 4*y**2 - 2*y + 10. Determine q(-7).
5
Let r(t) = 10*t**3 - 25*t**3 - 4*t**2 + 16*t**3 + 2. Determine r(3).
-7
Let s(c) = -8*c - 12. Suppose 3*n - 36 = 5*n + 5*q, 54 = -3*n - 5*q. Let i(h) = -2*h - 3. Let y(l) = n*i(l) + 4*s(l). Calculate y(-4).
-10
Suppose -3*g + 26 = -2*n, 0*n + n = 4*g - 23. Let x(f) = -2 + 3*f - 4*f + 0*f. What is x(n)?
5
Suppose 5*m + 5*d = -20, 0 = -4*m - 3*d + d - 8. Let g(v) = -v + 13. Give g(m).
13
Let u(g) = 2*g. Suppose -5*r - 128 = -138. Calculate u(r).
4
Let j(i) = i**2 - i - 7. Let p be (-4)/3*6/(-4). Let x = p + -5. Let h = -3 - x. Calculate j(h).
-7
Let o(c) be the second derivative of 3*c + 0 + 1/6*c**4 + 4/3*c**3 + 3*c**2. Calculate o(-5).
16
Let j(s) = 1 - 32*s**2 - 33*s**2 + 2*s + 64*s**2. Let u = 1 + 2. Let p be u/2*8/6. Determine j(p).
1
Let a(g) = g - 1. Let y(w) = -4*w + 1. Let t(x) = -3*a(x) - y(x). Suppose -4 = 2*h - 0*h + 3*p, h - 3*p + 2 = 0. Give t(h).
0
Let o = 9 + -6. Let f(k) = 3*k + 6. Let z(p) = -4*p - 6. Let d(i) = o*f(i) + 2*z(i). What is d(-4)?
2
Let j(h) = -3*h**2 - 2*h - 2. Let k = -46 + 44. Give j(k).
-10
Let p(q) = 4*q**2 - 3*q. Let i(j) = -2*j + 4. Let u be i(-4). Let h be (u/(-21))/(4/(-14)). Determine p(h).
10
Let y be (-2)/(-9) + 76/(-18). Let q be 2/y + (-9)/6. Let h(d) = 3*d + 27*d - 34*d + 2. Calculate h(q).
10
Let m(l) = 4*l**2 + 2*l + 3. Let c(y) = 11*y**2 + 5*y + 10. Let b(v) = 6*c(v) - 17*m(v). Let i(j) be the first derivative of b(j). Determine i(-4).
12
Let r(s) = 2*s + 7. Let p be r(-3). Let g(x) = -6*x**3 - x**2 + x. What is g(p)?
-6
Let w(l) = -5*l - 1. Let f(n) = 26*n + 6. Let j(s) = 2*f(s) + 11*w(s). Let m = 0 - 0. Suppose m*u - 3 = -3*u. What is j(u)?
-2
Let t(s) be the third derivative of s**6/60 + s**5/120 + s**4/8 - 6*s**2. Let q(o) be the second derivative of t(o). Calculate q(-1).
-11
Let h(m) = 5*m**3 + m**2 - 3*m - 3. Let i(a) = -14*a**3 - 3*a**2 + 8*a + 8. Let r(o) = -11*h(o) - 4*i(o). Suppose 3*z + 0*z - 2 = -g, 3*g = 2*z + 6. Give r(z).
1
Let p(r) = r**3 - 6*r**2 + r - 7. Let x(c) = -c**3 - 8*c**2 - 8*c - 5. Let u be x(-7). Suppose 5*m - 50 = -5*h, 7*m - u*m - 44 = -4*h. Determine p(h).
-1
Suppose -2 = -3*o + 1. Let w(p) = -3 - o + 3*p - 2*p - 2. Determine w(0).
-6
Let d(f) = -5*f**2 + 12 - 4 - 6*f + 0*f - 2*f + f**3. Calculate d(6).
-4
Let g(n) be the first derivative of 1 - 1/3*n**3 + 1/2*n**2 + 0*n. Calculate g(3).
-6
Let g = -91 + 87. Let d(r) = r**3 + 4*r**2 + 4*r + 5. Determine d(g).
-11
Suppose -2*r + 7 + 5 = 0. Let f(g) = g - 11. Calculate f(r).
-5
Let h(n) be the second derivative of -1/12*n**4 + 3/2*n**2 - 2*n + 0 + 1/2*n**3 - 1/20*n**5. Calculate h(-2).
1
Let u(f) = 5 - f + 6*f - 3 - 4*f. Let k be u(3). Let p(b) = -b**3 + 5*b**2 - b - 2. Calculate p(k).
-7
Let g(w) be the first derivative of -w**4/4 + w**3/3 + w**2/2 - 3*w + 1. Suppose 3*f + 2*f = -o, -3*f = 4*o. What is g(o)?
-3
Let d = 23 + -14. Suppose c = z + d, 0*c - 21 = 3*z - c. Let j(y) = y**2 + 7*y + 4. Determine j(z).
-2
Let v(l) be the second derivative of l**3/6 + 2*l**2 + 16*l. Let g = 7 + -3. What is v(g)?
8
Let t(y) be the third derivative of -y**4/12 + y**3/6 + 22*y**2. Calculate t(-5).
11
Let k(y) = -6*y - 7. Let p(n) = -5*n - 6. Let d(c) = -4*k(c) + 5*p(c). Let u = 18 + -23. Determine d(u).
3
Let x(c) be the third derivative of -c**6/120 - c**4/24 + c**3/3 + 2*c**2. Calculate x(-2).
12
Suppose -g + 0 = -1. Let x be (4 - 3) + (g - -1). Let b(q) = 6*q**2 - 2*q**3 + q**x - 2 - 5*q + 6. Determine b(5).
4
Let x(u) = -2*u + 3. Let l(z) = 4 + 5 - 6 - 4 + z. Let c(a) = 5*l(a) + 3*x(a). What is c(-3)?
7
Let x(o) = o + 5. Let m(c) = c - 3. Let d be m(8). Suppose -11 - 4 = d*r. Let n be (-6)/r + 1*-2. Determine x(n).
5
Let z(w) = -3*w + 2. Let d be z(3). Let f = d + 11. Let v(i) = -5*i. Let j(c) = -4*c. Let g(x) = -6*j(x) + 5*v(x). Calculate g(f).
-4
Let u(w) = 5*w**3 + 4*w**3 - 2*w**3 - 1. Let p = 6 + -3. Suppose 2 - p = -h. What is u(h)?
6
Let h(j) be the first derivative of -2 - 1/2*j**2 + 8*j. Let w = -3 + 7. Give h(w).
4
Let q(w) be the third derivative of -w**5/60 - w**4/3 + 4*w**3/3 + 27*w**2. What is q(-8)?
8
Let d be (20/(-3))/(2/(-6)). Suppose 0 = 3*m + 6, 5*h - d = 5*m. Let y(a) = h*a - 2*a - 3 + 0 - a. Determine y(0).
-3
Let q(k) = 7*k. Let s be q(1). Let y(a) = -2 + 0 - s*a + 1. What is y(1)?
-8
Let y(f) = -1 - 1 + 3*f**2 - 2*f**2. Let x be 0 + (6 - 3) - -9. Suppose -3*k + x = k. What is y(k)?
7
Let h(x) = -x**2 - 2*x - 3. Let d be h(-3). Let u(i) = 6*i**3 - 2*i - 13. Let k(q) = -5*q**3 - q**2 + 3*q + 12. Let r(l) = 5*k(l) + 4*u(l). What is r(d)?
2
Suppose 88 = 3*t + 106. Let q(g) = -g**3 - 7*g**2 - 7*g + 1. Give q(t).
7
Let h(o) = -5*o + 3. Let x(z) = 16*z - 8. Let g(c) = 8*h(c) + 3*x(c). Determine g(-1).
-8
Let p(z) = -z + z**2 + 0*z - 3 - 2*z. Let b(t) = -t + 1. Let f(k) = -b(k) - p(k). Calculate f(3).
5
Let k(q) be the second derivative of q**7/840 + 7*q**6/360 + q**5/24 - 